n (-6)/(-84)*-4 - (-326)/14 is divided by 13.
10
Let s(x) = -x**3 + 9*x**2 - 7*x - 9. Let a be s(8). Let q(y) = 3*y + 1. Let z be q(a). What is the remainder when 19 - (-3)/((-3)/z) is divided by 6?
3
Let h(s) = 26*s - 9. Calculate the remainder when h(2) is divided by 15.
13
Let c = -50 + 45. Let s(m) be the third derivative of m**5/30 + 7*m**4/24 + 2*m**3/3 - m**2. Calculate the remainder when s(c) is divided by 10.
9
Suppose -2*o + 40 = 3*o. Calculate the remainder when 28 is divided by o.
4
Let o(b) = 38*b - 10. What is the remainder when o(4) is divided by 12?
10
Let w = 11 + 5. Let p = 27 - w. Calculate the remainder when p is divided by 7.
4
Let h(v) = -v - 3. Let c be h(-3). Let f = c + -3. What is the remainder when 22 is divided by (f/(-2))/((-2)/(-16))?
10
Calculate the remainder when 43 is divided by (64/(-14))/(26/(-91)).
11
Suppose -5*s - g + 393 = -4*g, -3*g - 3 = 0. Let x = s - 55. Calculate the remainder when x is divided by 12.
11
Let v = -44 + 74. Let b = -13 + v. Calculate the remainder when 67 is divided by b.
16
Let a be 3 + 2 + 3/(-1). Suppose x - a*x + 23 = 0. Suppose x = 2*d + 7. Calculate the remainder when 15 is divided by d.
7
Suppose 2*m = -m + 36. Calculate the remainder when 33 is divided by m.
9
Let j(y) = -y**3 + y**2 + 3*y + 3. What is the remainder when 21 is divided by j(-2)?
3
Let g(w) = w**3 - 3*w**2 - 2*w + 2. Let h = 3 - 1. Let l be g(h). Let i = 15 - l. What is the remainder when i is divided by 11?
10
Suppose 37*x = 40*x - 480. What is the remainder when x is divided by 23?
22
Suppose -q = 5*n + 7, -3*n + 19 = 3*q - 8*n. Let j be (-2)/q + (-4)/(-6). Calculate the remainder when (-8 + j)*(-1)/2 is divided by 2.
0
Suppose -p = -6*p - 2*h + 73, 3*h = 4*p - 40. Let x = 0 + 0. Calculate the remainder when x + 39 + -1*2 is divided by p.
11
Let h = 5 + -1. Suppose h*w + 5*i - 6 = 3*i, 4 = 2*w + 2*i. What is the remainder when 2 is divided by w?
0
Let y(o) = o - 8. Let s be y(6). What is the remainder when (-3 - s) + 47 - -3 is divided by (-1 + 18)*(0 + 1)?
15
Suppose n = 5*v - 4, -2*n + 5*v + 17 = -0. What is the remainder when n is divided by 11?
10
Suppose 242 + 37 = 9*d. What is the remainder when 89 is divided by d?
27
Suppose 6*j = 11*j - 45. What is the remainder when 21 is divided by j?
3
Let k = 2 + 1. Suppose -89 = k*r - 224. Let z = 34 + -18. What is the remainder when r is divided by z?
13
Let h be (-26)/(-1 + 1 + -2). Suppose -u + h = -45. Suppose -u = 2*c - 4*c. Calculate the remainder when c is divided by 16.
13
Let b = 54 + -25. Let l(k) = -k**3 - 4*k**2 - 7*k - 4. Calculate the remainder when l(-5) is divided by b.
27
Let k = -37 - -56. What is the remainder when k is divided by 3?
1
Suppose -6*p + 2*p = -8, 0 = -u + p + 5. What is the remainder when 25 is divided by u?
4
What is the remainder when (-4)/(3/(-13)*(-14)/(-21)) is divided by 17?
9
Suppose -78 = 2*t - 5*t. Suppose -t + 85 = k. What is the remainder when k is divided by 30?
29
Let b(r) = r**3 + 3*r**2 + r + 2. Calculate the remainder when b(3) is divided by 30.
29
Let p = 16 - 6. Suppose -3*s = -s - p. Let h(f) = -f**3 + 6*f**2 - 2*f - 2. What is the remainder when h(5) is divided by s?
3
Suppose -3*y + 2*f = -16 - 3, -2*y - 2*f = -26. Suppose -5*v - 56 - y = 0. Let b = 0 - v. Calculate the remainder when 25 is divided by b.
12
Suppose 0 = -r + 4*r + 2*g - 4, -2*r + 3*g = -20. Let p(b) = 4 + b**2 + 4*b - b**2 - b**2. Calculate the remainder when p(r) is divided by 3.
1
Let p(m) = m**3 - 5*m**2 + 2*m + 3. Calculate the remainder when ((-64)/6 - 1)*-3 is divided by p(5).
9
Suppose -5*b = -5*r + 285, -2*r + b + 138 = 5*b. What is the remainder when 120 is divided by r?
59
Suppose 4*k - 10 = -l, 0 = -4*k - 1 + 9. Let r(x) = 3*x**2 - x + 1. What is the remainder when 30 is divided by r(l)?
8
Suppose -3*r = -13 - 56. Let b = 60 + -47. What is the remainder when r is divided by b?
10
Let v = 18 - 1. Calculate the remainder when v is divided by 6.
5
Let r = 10 - 5. Suppose -4*c + 26 = i - 6*i, -r*c + 30 = -5*i. Suppose 3 = -2*a + 15. What is the remainder when a is divided by c?
2
Suppose -3*t + 0*o + 11 = -5*o, -3*o - 29 = -5*t. What is the remainder when 25 is divided by t?
4
Let o(r) = -r**3 - r**2 + 38. Calculate the remainder when o(0) is divided by 78/8 - (-2)/8.
8
Suppose 39 = w + 2*p - p, 2*w - 82 = -3*p. Suppose -u + 3*t = -3*u + w, -37 = -u + 5*t. Let s = -9 + u. Calculate the remainder when s is divided by 7.
6
Let q = -4 + 4. Suppose q*r + r = -4*n + 46, 3*n + 5*r - 43 = 0. Let c = 19 - -12. Calculate the remainder when c is divided by n.
9
Let o = -4 - -10. What is the remainder when 40 is divided by o?
4
Suppose -2*b + 9 = c, 0 = -5*b - 2*c - c + 22. Let x be (1/(-2))/((-1)/(-10)). Let h(f) = -f - 2. Calculate the remainder when b is divided by h(x).
2
Let o(a) = -a**3 + 3*a**2 - 3. Let q be o(3). Let m be 1/(q/(-9)) - 7. Let g = 6 + m. Calculate the remainder when 4 is divided by g.
0
Let l(a) be the third derivative of -a**4/6 + a**3/2 - 2*a**2. Let g be l(2). Calculate the remainder when 6*(15/(-2))/g is divided by 5.
4
Let j(n) = 3*n**3 - n**2 - n. Let r be j(2). Let a = r + -9. Suppose -3*d + 2*x = -27 - 47, x = 2*d - 50. Calculate the remainder when d is divided by a.
8
Let v be (8 - 13)/(1 + -2). Suppose 4*d = 4*m + 204, 2*m = -v*d - 3*m + 255. Calculate the remainder when d is divided by 27.
24
Let t(p) = -4*p**3 + 2*p - 6. Let k(s) = -5*s**3 + 3*s - 5. Let j(n) = 3*k(n) - 4*t(n). Calculate the remainder when j(0) is divided by 4.
1
Suppose -3*t - 7 = -37. What is the remainder when t is divided by (8/(-20))/((-2)/30)?
4
Let s = 25 - 14. What is the remainder when s is divided by 5?
1
Let y = -39 - 20. Let n = -42 - y. Let m = 26 + -17. Calculate the remainder when n is divided by m.
8
Let f(x) = 5*x**2 + x + 1. What is the remainder when 8 is divided by f(-1)?
3
Suppose 5*m - 2*m = 135. Calculate the remainder when 83 is divided by m.
38
Let z(o) = 12*o + 1. Suppose 0 = 5*b - 4*x - 1, 3 = -4*b + 3*x + 4. Calculate the remainder when z(b) is divided by 7.
6
Suppose 149 + 43 = 4*o. Suppose p = 4*j - o, -15 = -j + 5*p - 3. Let x = -29 - -64. What is the remainder when x is divided by j?
11
Suppose -3*x + 118 = -8. What is the remainder when x is divided by 11?
9
Calculate the remainder when 50 is divided by 5/((-25)/(-140)) - 2.
24
Let o be (-312)/(-54) + 2/9. What is the remainder when 42 is divided by -4*1*(-33)/o?
20
Suppose 16*j - 132 = 5*j. What is the remainder when j is divided by 5?
2
Let u = 3 + -2. Let i be (u*-1)/((-3)/(-24)). Calculate the remainder when 3 is divided by 2/(-8) + (-18)/i.
1
Let j = 5 + -4. What is the remainder when 11 is divided by j*-1*(-6 - 1)?
4
Suppose 4*o + 84 = 4*w, -4*o = -5*w + 155 - 51. Calculate the remainder when w is divided by 14.
6
Suppose 0 = -0*q - q + 3*g + 37, -2*q + g = -89. Calculate the remainder when q is divided by (-74)/(-6) - 12/36.
10
Let x = -205 + 224. What is the remainder when 70 is divided by x?
13
Suppose -3*r + 0*r = -117. What is the remainder when r is divided by 14?
11
Suppose -2*v + 5*z = -17, 7 = v + 3*z - 7. Suppose -2*g + 172 = 2*g. What is the remainder when g is divided by v?
10
Suppose 93 = 3*p + j, -2*j + 49 = 2*p + 3*j. Calculate the remainder when p is divided by 12 + -5 + 8 + -4.
10
Suppose -4*f = k - 7, 0 = -2*f + 5*k - k + 26. Suppose -29 = -h + f*v, -117 = -3*h - v + 4*v. Let w = -161 + 184. What is the remainder when h is divided by w?
21
Suppose -o - 1 = -p, -4*o + 17 = -p + 4*p. Suppose -6 - o = -4*m. Calculate the remainder when m is divided by 1.
0
Let x(c) = c**2 + c + 2. Let t be (-7)/2 - (-4)/(-8). What is the remainder when 54 is divided by x(t)?
12
Let r(k) = -30*k - 309. Let z(u) = 17*u**2 + 1. What is the remainder when r(-12) is divided by z(1)?
15
Suppose -2*l + 17 = -7. Let s(a) = a - 4. What is the remainder when l is divided by s(8)?
0
Let v = 42 - 28. Calculate the remainder when 52 is divided by v.
10
Let c(q) = q**3 + 8*q**2 + 3*q + 4. Let z be c(-7). Let d = z - 21. Let l = d - 0. Calculate the remainder when 19 is divided by l.
8
Let m(c) = -c**3 - 5*c**2 - 5*c - 1. Let v be m(-4). Suppose 2*n - 120 = -v*n. What is the remainder when n is divided by 14?
10
Let h(w) = 4*w + 1. Let x be h(6). Suppose 5*z + 0*z - x = 0